{"id":2813,"date":"2015-07-23T01:26:06","date_gmt":"2015-07-23T01:26:06","guid":{"rendered":"http:\/\/michaelandpamstravels.com\/?page_id=2813"},"modified":"2023-10-25T14:39:22","modified_gmt":"2023-10-25T03:39:22","slug":"budget","status":"publish","type":"page","link":"https:\/\/michaelandpamstravels.com\/?page_id=2813","title":{"rendered":"Budget"},"content":{"rendered":"<p><strong>Pam loves a good budget, we found a handy &#8216;Numbers Template&#8217; for her iPad in the app store. <\/strong><\/p>\n<p><strong>The following pdf link, details the day to day expenses accumulated during our motorhome travels:<\/strong><\/p>\n<p><a href=\"https:\/\/michaelandpamstravels.com\/wp-content\/uploads\/2015\/07\/Travel-Budget-2014.pdf\">Travel Budget 2014<\/a>\u00a0 63 days @ \u20ac75 per day = \u20ac4,724.<\/p>\n<p><a href=\"https:\/\/michaelandpamstravels.com\/wp-content\/uploads\/2015\/11\/Travel-Budget-2015.pdf\">Travel Budget 2015<\/a>\u00a0 71 days @ \u20ac84.80 per day = \u20ac6020.<\/p>\n<p>(Additional Expences not included) Ferries : 6 journeys by ferry totalling \u20ac1159<\/p>\n<p><a href=\"https:\/\/michaelandpamstravels.com\/wp-content\/uploads\/2015\/07\/Travel-Budget-2016.pdf\">Travel Budget 2016<\/a>\u00a0110 days @ \u20ac76 per day = \u20ac8358.<\/p>\n<p>(Additional Expenses not included in the day to day transactions) : A new Thule bike rack (\u20ac460) and replacing the alternator on the Hymer (\u00a3400). \u00a0Whilst our day to day expenses on the Rhein River Cruise were included, the actual cost of the cruise was not (\u20ac1100).<\/p>\n<p><a href=\"https:\/\/michaelandpamstravels.com\/wp-content\/uploads\/2015\/07\/Travel-Budget-2017.pdf\" target=\"_blank\" rel=\"noopener noreferrer\">Travel Budget 2017<\/a>\u00a0111 days @ \u20ac81 per day = \u20ac8992<\/p>\n<p>Additional expenses not included in the day to day transaction in 2017 :<\/p>\n<p>1. New front and rear disc brake pads \u20ac263<\/p>\n<p>2. New front tyres \u20ac304<\/p>\n<p><a href=\"https:\/\/michaelandpamstravels.com\/wp-content\/uploads\/2018\/10\/Travel-Budget-2018.pdf\">Travel Budget 2018<\/a>\u00a0127 days @ \u20ac91.90 per day = \u20ac11,671.94<\/p>\n<p>1. \u00a0Mechanical repairs \u20ac170<\/p>\n<p>2. \u00a0Replacement alternator \u20ac540<\/p>\n<p><a href=\"https:\/\/michaelandpamstravels.com\/?attachment_id=22262\">Travel Budget 2019<\/a> \u00a0121 days @ \u20ac78 per day = \u20ac9528.12<\/p>\n<p>There were no mechanical repairs during our travels other than \u20ac40 to fix a cracked weld on the scooter rack.<\/p>\n<p><a href=\"https:\/\/michaelandpamstravels.com\/wp-content\/uploads\/2022\/12\/Travel-Budget-2022.pdf\" target=\"_blank\" rel=\"noopener\">Travel Budget 2022<\/a> \u00a0128 days @ \u20ac98 per day = \u20ac12,544<\/p>\n<p>This daily figure does not include the \u20ac4755 incurred for the ferries firstly from Hull to Rotterdam or Hirtshals to\u00a0Sey\u00f0isfj\u00f6r\u00f0ur (return) or the Chunnel from Calais to Folkestone.<\/p>\n<p><a href=\"https:\/\/michaelandpamstravels.com\/wp-content\/uploads\/2023\/10\/Travel-Budget-2023.pdf\">Travel Budget 2023<\/a> \u00a0130 days @ \u20ac96 per day = \u20ac12416<\/p>\n<p>This daily figure does not include the ferry from Poole to Saint Malo via Jersey \u20ac420 or the Chunnel from Calais to Folkestone \u20ac200.<\/p>\n","protected":false},"excerpt":{"rendered":"<p>Pam loves a good budget, we found a handy &#8216;Numbers Template&#8217; for her iPad in the app store. The following pdf link, details the day to day expenses accumulated during our motorhome travels: Travel Budget 2014\u00a0 63 days @ \u20ac75 per day = \u20ac4,724. Travel Budget 2015\u00a0 71 days @ \u20ac84.80 per day = \u20ac6020. [&hellip;]<\/p>\n","protected":false},"author":9,"featured_media":15298,"parent":0,"menu_order":0,"comment_status":"open","ping_status":"open","template":"","meta":{"footnotes":""},"class_list":["post-2813","page","type-page","status-publish","has-post-thumbnail","czr-hentry"],"_links":{"self":[{"href":"https:\/\/michaelandpamstravels.com\/index.php?rest_route=\/wp\/v2\/pages\/2813","targetHints":{"allow":["GET"]}}],"collection":[{"href":"https:\/\/michaelandpamstravels.com\/index.php?rest_route=\/wp\/v2\/pages"}],"about":[{"href":"https:\/\/michaelandpamstravels.com\/index.php?rest_route=\/wp\/v2\/types\/page"}],"author":[{"embeddable":true,"href":"https:\/\/michaelandpamstravels.com\/index.php?rest_route=\/wp\/v2\/users\/9"}],"replies":[{"embeddable":true,"href":"https:\/\/michaelandpamstravels.com\/index.php?rest_route=%2Fwp%2Fv2%2Fcomments&post=2813"}],"version-history":[{"count":18,"href":"https:\/\/michaelandpamstravels.com\/index.php?rest_route=\/wp\/v2\/pages\/2813\/revisions"}],"predecessor-version":[{"id":35217,"href":"https:\/\/michaelandpamstravels.com\/index.php?rest_route=\/wp\/v2\/pages\/2813\/revisions\/35217"}],"wp:featuredmedia":[{"embeddable":true,"href":"https:\/\/michaelandpamstravels.com\/index.php?rest_route=\/wp\/v2\/media\/15298"}],"wp:attachment":[{"href":"https:\/\/michaelandpamstravels.com\/index.php?rest_route=%2Fwp%2Fv2%2Fmedia&parent=2813"}],"curies":[{"name":"wp","href":"https:\/\/api.w.org\/{rel}","templated":true}]}}